x(f) = f**3 - 4*f**2 - 7*f. What is x(5)?
-10
Let f(x) = -x**2 + 2*x + 7. Give f(-6).
-41
Let q(f) = -f**3 - 10*f**2 - 8*f - 8. What is q(-9)?
-17
Let n(k) = -4*k**3 - 2*k + 3. Determine n(1).
-3
Let a(o) = -o**3 - 7*o**2 + 29*o - 2. Give a(-10).
8
Let s(b) = -12*b - 52. Give s(-5).
8
Let w(c) = 38*c**2 - 148*c - 3. Determine w(4).
13
Let q(k) = k**2 + k + 1. Calculate q(-5).
21
Let f(q) = -2*q**2 + 40. Calculate f(0).
40
Let u(g) = -2*g**3 + 2*g**2 - 2*g + 1. Calculate u(1).
-1
Let l(o) = -o**3 + 10*o**2 - 14*o + 47. Calculate l(9).
2
Let j(a) = a**3 - a**2 - 3*a + 2. Determine j(2).
0
Let h(a) = 6*a**3 + a**2 - 4*a + 2. Determine h(1).
5
Let f(t) = -t + 24. Calculate f(18).
6
Let k(i) = i**2 + 16*i + 35. Calculate k(-14).
7
Let c(l) = -l**3 - 4*l**2 + 14*l + 12. Determine c(-6).
0
Let m(y) = 14*y + 6. Calculate m(0).
6
Let a(j) = -j**3 - 3*j**2 - j - 5. Calculate a(-2).
-7
Let u(i) = i**3 - 5*i**2 + 5*i - 2. Calculate u(4).
2
Let j(f) = 2*f**2 - 17*f + 10. Calculate j(8).
2
Let p(i) = i**3 + 18*i**2 + i + 51. Calculate p(-18).
33
Let r(n) = 2*n**2 - 23*n + 36. Calculate r(8).
-20
Let g(n) = 6*n + 1. What is g(3)?
19
Let v(f) = -6*f**2 - 16*f - 4. What is v(-2)?
4
Let l(u) = -u**2 + 13*u + 4. Determine l(15).
-26
Let k(i) = -i**3 + 15*i**2 - 17*i - 29. What is k(14)?
-71
Let w(m) = -3*m**3 + m**2 - 2*m + 3. Calculate w(2).
-21
Let k(n) = 4*n + 83. Calculate k(-22).
-5
Let u(l) = l**3 + 2*l**2 - l - 54. What is u(0)?
-54
Let w(u) = -22*u**2 - 1. Calculate w(-2).
-89
Let l(s) = -4*s + 6. What is l(-7)?
34
Let i(q) = q**3 + 4*q**2 + q + 26. Determine i(-5).
-4
Let n(o) = -2*o**2 + 9*o - 1. Calculate n(6).
-19
Let j(w) = 68*w + 214. Give j(-3).
10
Let u(n) = n**3 + 8*n**2 + 9*n - 5. Calculate u(-7).
-19
Let y(c) = -c**3 + 2*c**2 + 15*c - 36. Give y(4).
-8
Let s(t) = 2*t - 17. Give s(7).
-3
Let l(d) = d**3 + 35*d**2 - 3*d - 67. What is l(-35)?
38
Let s(a) = -2*a**3 - 4*a**2 - a - 1. Determine s(-3).
20
Let r(y) = -3*y - 6. What is r(-6)?
12
Let d(y) = 56*y + 115. What is d(-2)?
3
Let o(t) = t**2 - 16*t + 71. Calculate o(13).
32
Let g(c) = -56*c**2 - 280*c - 4. What is g(-5)?
-4
Let o(n) = 4*n - 35. What is o(6)?
-11
Let w(t) = -4*t - 4. Calculate w(-3).
8
Let f(q) = -40*q + 10. What is f(1)?
-30
Let o(u) = u**3 - 6*u**2 - 2*u - 4. Determine o(7).
31
Let r(j) = j**2 - 15*j - 13. Determine r(14).
-27
Let l(x) = 3*x**3 - 5*x**2 + 4*x + 1. Calculate l(3).
49
Let n(l) = l**3 + 19*l**2 + 19*l + 34. Give n(-18).
16
Let h(t) = -3*t + 26. Give h(0).
26
Let t(x) = x**2 + 10*x + 2. What is t(-6)?
-22
Let o(a) = 13*a - 22. What is o(5)?
43
Let s(o) = -24*o**2 + 13*o - 22. What is s(2)?
-92
Let v(y) = -20*y. Calculate v(1).
-20
Let o(f) = -9*f + 1. Give o(1).
-8
Let y(u) = -u**3 - 10*u + 5. Give y(0).
5
Let c(h) = -h**3 + 15*h**2 + 15*h + 10. What is c(16)?
-6
Let a(r) = 3*r**2 - 19*r - 5. Determine a(7).
9
Let c(p) = -7*p**2 + 2*p - 3. What is c(1)?
-8
Let j(w) = -4*w**3 + 57*w**2 - 16*w + 24. Determine j(14).
-4
Let o(c) = 10*c**3 + 2*c**2. Give o(-2).
-72
Let n(u) = u**3 - 7*u**2 - 4*u + 1. Determine n(4).
-63
Let c(t) = -47*t**3 + t**2 - t + 1. Calculate c(1).
-46
Let a(u) = -14*u - 16. Calculate a(-4).
40
Let u(b) = -2*b - 11. Determine u(7).
-25
Let i(c) = -c**2 + 14*c - 31. Determine i(11).
2
Let t(n) = -n**3 - 16*n**2 + 15*n + 3. Determine t(-17).
37
Let z(l) = -l**3 + 8*l**2 + 7*l + 3. Calculate z(9).
-15
Let u(t) = 2*t + 57. Determine u(-32).
-7
Let j(u) = 20*u - 32. Give j(9).
148
Let n(f) = f**2 - f - 11. Calculate n(8).
45
Let k(l) = -3*l**2 - 4*l - 5. What is k(-2)?
-9
Let k(p) = -p**2 - 5*p - 8. What is k(-4)?
-4
Let u(p) = p**2 - 17*p + 35. What is u(16)?
19
Let q(y) = -4*y + 187. Calculate q(47).
-1
Let g(x) = -4*x**2 - x. Give g(2).
-18
Let x(r) = -r**3 + 4*r. Determine x(3).
-15
Let y(o) = o**2 + o - 4. Calculate y(0).
-4
Let f(n) = -6*n - 3. Determine f(-2).
9
Let z(h) = h**2 + 6*h + 3. Determine z(-5).
-2
Let p(x) = -x**3 - 21*x**2 - 18*x + 18. Calculate p(-20).
-22
Let h(f) = f - 25. Calculate h(19).
-6
Let s(r) = r**2 - 12*r + 26. What is s(8)?
-6
Let b(h) = -2*h**2 - 48*h + 285. Give b(5).
-5
Let d(b) = -7*b + 199. Give d(27).
10
Let l(d) = 6*d + 8. Determine l(-6).
-28
Let n(t) = 2*t**2 - 2*t - 6. What is n(3)?
6
Let u(r) = 2*r - 2. What is u(-3)?
-8
Let f(s) = -s**3 + 7*s**2 - 5*s - 7. Determine f(6).
-1
Let p(m) = m**3 - 10*m**2 - 46*m + 19. Determine p(13).
-72
Let h(k) = 2*k - 84. Determine h(37).
-10
Let q(n) = -3*n - 26. What is q(12)?
-62
Let d(r) = 201*r - 201. Give d(1).
0
Let h(q) = -q**2 + 23*q + 70. Determine h(25).
20
Let l(r) = -6*r - 22. Give l(3).
-40
Let b(j) = j**3 - 4*j**2 - 2. Give b(4).
-2
Let c(y) = -2*y**2 + 32*y - 108. Give c(11).
2
Let v(s) = s**3 - 15*s**2 - 4*s + 19. What is v(15)?
-41
Let l(g) = 2*g**2 + 3*g + 4. Determine l(-6).
58
Let w(a) = -a**2 + 5*a - 12. Determine w(11).
-78
Let i(q) = q**3 + 7*q**2 + 4*q + 30. Determine i(-8).
-66
Let b(c) = -3*c**2 - 1. Determine b(-5).
-76
Let d(f) = f**3 + 12*f**2 + 12. Determine d(-12).
12
Let o(p) = p**2 - 4*p + 16. Give o(3).
13
Let f(j) = j**2 + 17*j - 45. Calculate f(-20).
15
Let g(d) = d**3 - 5*d**2 - 4*d + 2. Determine g(6).
14
Let j(t) = -3*t - 40. What is j(-15)?
5
Let b(l) = 9*l**2 - l + 1. Give b(1).
9
Let d(n) = n**2 - 15*n - 12. Determine d(16).
4
Let d(v) = 5*v - 70. Give d(15).
5
Let w(x) = -x - 62. Determine w(-5).
-57
Let a(z) = z**2 + 2*z - 22. Calculate a(-6).
2
Let y(m) = m**3 - 5*m**2 - 7*m + 11. Give y(6).
5
Let l(n) = -4*n + 12. Give l(5).
-8
Let f(s) = -3*s - 9. What is f(-13)?
30
Let x(v) = 7*v - 86. Calculate x(14).
12
Let u(n) = -n**2 + 9*n + 24. What is u(11)?
2
Let q(k) = -52*k**3 + 2*k**2 - 1. Determine q(1).
-51
Let o(q) = q**2 + 33*q + 92. What is o(-30)?
2
Let p(b) = -18*b + 120. Give p(7).
-6
Let i(w) = w + 16. Calculate i(-5).
11
Let d(b) = -2*b + 31. What is d(15)?
1
Let v(r) = -8*r. What is v(-6)?
48
Let r(i) = -i + 7. Determine r(5).
2
Let g(l) = -l**2 - 9*l + 6. Give g(-12).
-30
Let s(b) = -47*b. What is s(1)?
-47
Let o(y) = -12*y - 1. What is o(0)?
-1
Let a(q) = 2*q + 55. Determine a(-6).
43
Let u(i) = -i**3 - 26*i**2 + i + 20. Determine u(-26).
-6
Let x(b) = b**3 - 2*b**2 - 4*b - 1. Calculate x(-1).
0
Let x(w) = w**3 - 5*w**2 - 26*w + 17. Determine x(8).
1
Let m(q) = q**2 + 14*q + 25. Determine m(-12).
1
Let g(x) = -x**3 + 7*x**2 + 4*x + 5. Determine g(8).
-27
Let p(z) = -11*z + 1. What is p(1)?
-10
Let s(l) = -l**3 + 6*l**2 - 5*l - 2. Give s(5).
-2
Let a(k) = -k**3 + 11*k**2 - 8*k - 21. Calculate a(10).
-1
Let y(v) = 22*v + 11. What is y(4)?
99
Let k(i) = i**3 + 2*i**2 - 21*i - 4. Determine k(4).
8
Let i(x) = -x**3 + 9*x**2 - 10*x - 3. Give i(7).
25
Let i(m) = -m**3 + 6*m**2 + 5*m + 5. Give i(7).
-9
Let m(b) = 17*b**2 - b + 1. Determine m(2).
67
Let x(a) = -9*a - 14. Calculate x(-2).
4
Let m(z) = -z + 14. Calculate m(3).
11
Let l(z) = -z**2 + 8*z - 7. Give l(8).
-7
Let j(g) = -2*g**3 - 15*g**2 - 15*g + 15. What is j(-6)?
-3
Let i(b) = -b**3 - 6*b**2 + 6*b - 4. Calculate i(-7).
3
Let z(x) = -5*x**3. What is z(1)?
-5
Let w(a) = -4*a**2 + a + 11. What is w(-3)?
-28
Let x(d) = -d**2 - 74*d + 73. Give x(-75).
-2
Let u(z) = 2*z**2 + 27*z + 80. Calculate u(-3).
17
Let q(r) = -r - 18. Determine q(-10).
-8
Let z(u) = 20*u**3 - u**2 + u + 1. Calculate z(-1).
-21
Let z(a) = -a**3 + 11*a**2 + 21*a + 27. Determine z(13).
-38
Let w(n) = -2*n**2 + 19*n + 29. Give w(11).
-4
Let l(i) = 2*i**2 + 12*i + 10. Calculate l(-5).
0
Let r(c) = -9*c - 19. Give r(-8).
53
Let j(d) = d**2 - 19*d - 12. Calculate j(20).
8
Let p(j) = 57*j - 11. Give p(0).
-11
Let i(p) = p**3 + 5*p**2 + p - 4. Calculate i(-4).
8
Let t(w) = -w**3 - 13*w**2 + w + 2. What is t(-13)?
-11
Let r(m) = -m**2 - 19*m - 56. Give r(-3).
-8
Let n(l) = l**3 - 2*l**2 - 21. What is n(0)?
-21
Let o(u) = -u**3 + u**2 + 6*u + 1. What is o(3)?
1
Let h(r) = 32*r**2 + r. Give h(-1).
31
Let x(y) = -8*y - 19. What is x(-5)?
21
Let n(g) = -13*g + 259. Give n(20).
-1
Let n(w) = -w**2 + 18*w. Determine n(18).
0
Let h(d) = -d**2 + 145. What is h(-12)?
1
Let s(g) = g**2 - 5*g - 53. What is s(11)?
13
Let a(f) = f**3 + 11*f**2 - 24*f + 24. Determine a(-13).
-2
Let w(k) = k**3 + 7*k**2 + 4*k - 6. Calculate w(-6).
6
Let x(l) = 21*l - 26. What is x(6)?
100
Let m(i) = 10*i**2 - i + 1. Determine m(2).
3